-10). Let r = 92 - 64. Suppose r = -4*g + l. What is the highest common divisor of g and 1?
1
Let h be -4*(0 + (-39)/6). What is the greatest common factor of 13 and h?
13
Let p be 4/(-2 + (-1)/(-1)). Let h(c) = -9*c - 6. Let l be h(p). Calculate the highest common factor of 30 and l.
30
Let x(r) = 19*r - 4. Suppose -g - 10 = -3*g. Let b be x(g). Let h(w) = 2*w**2 + 3*w + 4. Let p be h(-3). Calculate the greatest common divisor of b and p.
13
Suppose -2*u + 6*u - 20 = 0. Suppose u*q - 11 = 4*q. Suppose -5*n + 2*b = -157, 3*b + 18 = -2*n + 96. Calculate the highest common divisor of n and q.
11
Let k = -218 - -346. Calculate the highest common factor of 16 and k.
16
Suppose -13 = 4*x + 23. Let t = 57 - x. Calculate the highest common factor of t and 6.
6
Suppose 12 + 24 = 3*a. Calculate the greatest common divisor of a and 6.
6
Suppose 2*q = 2*a - 6, 1 - 4 = -a + 3*q. Suppose -a*z + 21 = 5*f - 37, -z = 2*f - 24. Suppose -3*n = -1 - f. Calculate the highest common factor of 20 and n.
5
Let w = 1 + 3. Let a be w/((-4 - -3)*-1). Suppose -a*j - 4*y = -63 + 11, 3*y = -2*j + 29. Calculate the greatest common divisor of j and 90.
10
Let a be -1 - 1/(-1)*13. Let l be (-172)/(-6) + (-8)/a. What is the highest common divisor of l and 70?
14
Suppose -3*a + 26 = -n, -2*a - n = -0*a - 14. Let b = a - 1. Suppose 0 = -4*y + b*y - 45. Calculate the highest common factor of 135 and y.
15
Let u(q) = -111*q**3 + q + 2. Let w be u(-1). Calculate the greatest common divisor of 14 and w.
14
Let l = -34 + 82. What is the highest common factor of 16 and l?
16
Let z = -100 + 185. What is the greatest common factor of 34 and z?
17
Let z be (-105)/6*(-24)/5. Calculate the greatest common divisor of z and 12.
12
Let h(q) = -166*q**3 - 2*q**2 - 2*q - 1. Suppose l = -4*k + 3, 2*l = 6*l + 4*k. Let r be h(l). Let w = 30 - 15. Calculate the highest common factor of r and w.
15
Let n(l) = l**3 - 7*l**2 + l - 2. Let j be n(7). Suppose 4*p - 12 = 0, p = -i + j*p + 24. What is the highest common factor of i and 12?
12
Suppose 5*v = -23 + 28. Calculate the greatest common factor of v and 9.
1
Let g be ((-3)/(-15))/(4/260). Calculate the highest common divisor of g and 1.
1
Suppose 22 = 4*p - 98. Let s = 44 - p. Calculate the highest common factor of s and 14.
14
Let r(p) = -p + 35. Let d be r(0). Let s = -1 + 6. Calculate the highest common divisor of d and s.
5
Let u be 2/(-12) + (-3 - 7996/(-24)). Calculate the greatest common factor of 30 and u.
30
Let w be (-1 - 1)/(2/12). Let q be 33*(w/(-9))/4. Calculate the greatest common factor of 88 and q.
11
Suppose -4*r + 197 = -3*j - 385, -3*j = -r + 150. What is the highest common divisor of 18 and r?
18
Let y be 164 + 0 + 2/2. Let i = -21 - -36. Calculate the highest common divisor of i and y.
15
Let l be (-1*(-4)/6)/(28/6552). Calculate the greatest common factor of l and 13.
13
Let d = -6 - -16. Calculate the greatest common factor of 20 and d.
10
Suppose -2*t - t = -5*f - 61, -34 = -2*t + 2*f. Suppose 5*n = 8 + 12. What is the greatest common factor of n and t?
4
Let x = 51 - 14. What is the highest common divisor of 37 and x?
37
Let t be ((-22)/(-44))/((-1)/(-170)). Let n = -9 - -43. Calculate the highest common divisor of n and t.
17
Suppose -48 - 8 = -k - 2*w, 0 = -4*k - 2*w + 200. Calculate the highest common factor of k and 12.
12
Let x(n) = n - 2. Let l be x(6). Suppose -21 - 43 = -l*t. Calculate the greatest common divisor of 48 and t.
16
Let t be -2 + -1 + -1 + 5. Let z(i) = -i**2 - 5*i + 7. Let s be z(-6). Calculate the highest common divisor of t and s.
1
Let r(q) = 6*q**2 + 7*q - 9. Let z be r(-8). Calculate the greatest common factor of z and 29.
29
Let q = 28 + 68. Suppose 3*l + l - 54 = 2*v, v = 3*l - 39. What is the greatest common factor of q and l?
12
Suppose -s - 1 = -19. Let l = -52 + 102. Let t = l - 32. Calculate the highest common factor of s and t.
18
Let w = -21 + 48. Calculate the highest common divisor of w and 9.
9
Let d(t) = -t + 14. Let u be d(11). Suppose 0 = 4*m + u*k - 201, 47 = 2*m - 5*k - 86. Suppose -m = -3*c + 6. What is the highest common factor of c and 140?
20
Let v be (-1)/(-2*(-3)/18). Let t be 7 + ((-21)/v - 4). Calculate the greatest common factor of t and 70.
10
Suppose -8*x + 235 + 269 = 0. Calculate the highest common factor of x and 9.
9
Let y = -43 - -17. Let z = y - -110. Suppose 0*p = 4*p - z. Calculate the highest common factor of p and 189.
21
Suppose -u - 12 = -5*u. Calculate the greatest common divisor of 2 and u.
1
Suppose -3 = 2*a - 7. Suppose -a*l + 48 = -m + 5*m, 2*m - 16 = l. What is the highest common factor of 5 and m?
5
Suppose -16 = -4*s + 212. Suppose 2*p - y + 56 = 195, -p + 3*y + s = 0. What is the greatest common factor of p and 12?
12
Suppose 31 + 34 = 5*j. Let k be 1*j + 3 + -1. Let g be (-1036)/(-35) - 4/(-10). What is the highest common divisor of g and k?
15
Suppose i + 0*v + 3*v - 14 = 0, 4*v + 8 = 0. Calculate the highest common divisor of i and 180.
20
Let w(v) = -v**3 - v**2 - v + 1. Let o(q) = 3*q**3 - q**2 + 3*q - 5. Let t(y) = -o(y) - 4*w(y). Let z be t(-2). What is the highest common factor of z and 66?
11
Let k(i) = -i**3 - 8*i**2 + 10*i + 9. Let x be k(-9). Suppose x = -0*w - w. Suppose -48 = -2*n - w*n. What is the highest common factor of n and 36?
12
Let m(u) = -5*u**2 + u. Let s be m(1). Let n be 34/4 + s/8. Calculate the highest common factor of 20 and n.
4
Suppose 13*f = -f + 84. Calculate the highest common divisor of 8 and f.
2
Suppose 0*v - v + 9 = 0. Suppose 0*y + v = 3*y. Suppose 19 = 3*s - 2*c + 2, -y*c + 51 = 4*s. What is the greatest common factor of 18 and s?
9
Let r(z) = -10*z**3 + 3*z**2 + 4*z + 2. Let o be r(-2). Suppose 5*t = 2*j - 181, -j + 2*j = -2*t + o. What is the highest common divisor of j and 8?
8
Suppose -4*a + 2 = -30. Let p = 21 + -15. Suppose -2*k = -4*m - p*k - 8, -16 = -4*m + 4*k. Calculate the greatest common divisor of a and m.
1
Let y(j) = -95*j**3 - j**2 - 3*j - 1. Let n be y(-1). What is the highest common divisor of 24 and n?
24
Let z = 122 + -83. Let p be (20 - (-6 - 0))*2/4. What is the highest common divisor of p and z?
13
Suppose -2*x + 5*z - 3 = 0, -1 = -4*z - 5. Let u be (-6)/x*(-4)/6. Let h be (4/(-3))/(u/9). Calculate the highest common factor of 108 and h.
12
Suppose 5*r - 3 = 4*r. Calculate the highest common factor of 27 and r.
3
Suppose -q + 3*u = -38, 2*q - 86 = -q - 5*u. Suppose -q - 2 = -2*d. What is the highest common divisor of 17 and d?
17
Let p be (-1 + 7)*7/14. Calculate the highest common factor of 2 and p.
1
Let n(u) = -4*u. Let d be n(-1). Suppose 3*f - 67 = -5*t, 0*t + 4*t = -d*f + 76. What is the greatest common factor of f and 154?
14
Let j = -5 - 6. Let a be (j/(-2))/((-3)/(-6)). Let q = 7 + a. Calculate the highest common divisor of q and 2.
2
Suppose 3*b + 51 = -0*o + 3*o, 5*o - 78 = -2*b. What is the highest common divisor of o and 48?
16
Let d be (-2)/(-5) + 172/20. Let k be 3*(33/d + -2). Let u = -3 + 8. What is the greatest common factor of k and u?
5
Suppose -28 = -a - 5*d, -3*d = -0*a - a + 36. Suppose -t + 41 = 5*s, -12 - a = -5*s - 5*t. What is the highest common factor of s and 4?
4
Suppose -5*m = 3*t - 4*m - 298, -2*t - 2*m = -200. Suppose 3*c - 55 = -2*c. What is the highest common factor of t and c?
11
Let m = 117 + -105. What is the greatest common divisor of m and 48?
12
Suppose t - 252 = -3*t. Let w = -38 + t. Suppose 1 = k - 4*h, -h - w = -3*k - 0*k. Calculate the highest common factor of k and 9.
9
Let s(w) = -5*w - 3*w - 2 + 6*w. Let n be s(-7). What is the highest common factor of 30 and n?
6
Suppose 4*h = 5*s + 25, 2*h + s - 6*s - 25 = 0. Suppose -o = -h*o - 5. What is the highest common factor of o and 15?
5
Let f = 4 + -1. Suppose 0 = -f*u + h - 68 + 441, u = 5*h + 101. Calculate the highest common divisor of 14 and u.
14
Suppose 2*t = -2*n, 3*n - 2*n - 4*t = 10. What is the greatest common divisor of n and 7?
1
Let k be 2/(-7) - (-9075)/35. What is the greatest common factor of k and 37?
37
Let d be -2 - (-3)/(-2)*-4. Let y(l) = l**3 - 3*l**2 - 2*l - 1. Let t be y(d). Let o = 136 + -59. Calculate the highest common factor of o and t.
7
Suppose 0*i + i = 2*h + 22, 3*i - h - 51 = 0. Suppose 0 = 4*z - i, -2*k - 2*z + 23 = -29. Calculate the highest common fac